{"id":25757,"date":"2021-09-09T08:34:54","date_gmt":"2021-09-09T06:34:54","guid":{"rendered":"https:\/\/www.etrossi.de\/photography\/?post_type=tribe_events&#038;p=25757"},"modified":"2021-09-09T08:34:54","modified_gmt":"2021-09-09T06:34:54","slug":"festival-2021-10-20-24-rock-your-brain-fest-8-edition-dautomne-2021-les-tanzmatten","status":"publish","type":"tribe_events","link":"https:\/\/www.etrossi.de\/photography\/event\/festival-2021-10-20-24-rock-your-brain-fest-8-edition-dautomne-2021-les-tanzmatten\/","title":{"rendered":"Festival: 2021-10-20-24 ROCK YOUR BRAIN Fest #8 &#8211; \u00e9dition d&#8217;automne 2021 \/ Les Tanzmatten"},"content":{"rendered":"<p>&#x1f60d; [ ROCK YOUR BRAIN fest &#8211; automne 2021 : je demande LA PROG ! ] &#x1f918;<\/p>\n<p>Pour tous les aficionados du ROCK YOUR BRAIN FEST, nous vous proposons une 8\u00e8me \u00e9dition d&#8217;automne malgr\u00e9 un contexte toujours tr\u00e8s particulier! On se retrouve tous ensemble autour des musiques alternatives du mercredi 20 au dimanche 24 octobre 2021 pour 4 soir\u00e9es de concerts et une soir\u00e9e cin\u00e9-concert en ouverture du festival.<br \/>\nAu programme, 17 concerts, stands de disques, merchandising et surtout le besoin de se retrouver. Embarquement pour 5 jours de rock-n-roll en Centre-Alsace !<br \/>\nAttention, la jauge est limit\u00e9e! &#8230; &#8220;let&#8217;s stay united !&#8221;<\/p>\n<p>&#x1f449; La programmation :<\/p>\n<p>&#x1f4c6; Mercredi 20 octobre (19h30):<br \/>\n&#8211; Cin\u00e9-concert : Z\u00cbRO joue CLOVERFIELD<br \/>\nPr\u00e9vente 5\u20ac* \/ Caisse du soir 10\u20ac (*Hors frais de loc.)<\/p>\n<p>&#x1f4c6; Jeudi 21 octobre (19h):<br \/>\n&#8211; HANGMAN\u2019S CHAIR + REGARDE LES HOMMES TOMBER + LOS DISIDENTES DEL SUCIO MOTEL<br \/>\nPr\u00e9vente 19\u20ac* \/ Caisse du soir 25\u20ac (*Hors frais de loc.)<\/p>\n<p>&#x1f4c6; Vendredi 22 octobre (19h):<br \/>\nSTEVE\u2019N\u2019SEAGULLS + PRINCESSES LEYA + REDEMPTION<br \/>\nPr\u00e9vente 19\u20ac* \/ Caisse du soir 25\u20ac (*Hors frais de loc.)<\/p>\n<p>&#x1f4c6; Samedi 23 octobre (16h):<br \/>\nLOFOFORA + UK SUBS + CHARGE 69 + THE BOBBY LEES + SICKBOYS + PUNKY TUNES<br \/>\nPr\u00e9vente 19\u20ac* \/ Caisse du soir 25\u20ac (*Hors frais de loc.)<\/p>\n<p>&#x1f4c6; Dimanche 24 octobre (16h):<br \/>\nTHE RUMJACKS + THE MOORINGS + UNCLE BARD &amp; THE DIRTY BASTARD + RESTLESS FEET + AKAB<br \/>\nPr\u00e9vente 19\u20ac* \/ Caisse du soir 25\u20ac (*Hors frais de loc.)<\/p>\n<p>&#x1f449; INFOS PRATIQUES<br \/>\n&#8211; Lieu : Les Tanzmatten \/ S\u00e9lestat<br \/>\n&#8211; Jauge limit\u00e9e<br \/>\n&#8211; Billetterie uniquement sur www.zone51.net<br \/>\n&#8211; Tarif JEUN\u2019EST disponible \u00e0 1\u20ac sur le site https:\/\/www.jeunest.fr<br \/>\n(ATTENTION ! op\u00e9ration limit\u00e9e \u00e0 1 billet par personne d\u00e9tenteur de la carte Jeun\u2019Est dans la limite de 100 places disponibles)<br \/>\n&#8211; Concerts placement libre (assis &amp; debout en gradin) sauf cin\u00e9-concert 100% assis<br \/>\n&#8211; Bars int\u00e9rieur &amp; restauration ext\u00e9rieur avec espace convivial pr\u00e8s des berges de l&#8217;Ill<br \/>\n&#8211; Nombreux stands en int\u00e9rieur de merchandising metal &amp; punk-rock<br \/>\n&#8211; Protections auditives et casques pour enfants disponibles<br \/>\n&#8211; Moyen de paiement : CB privil\u00e9gi\u00e9<\/p>\n<p>&#x1f449; INFO COVID<br \/>\n&#8211; Pass Sanitaire obligatoire<br \/>\n(Pour toute information sur le pass sanitaire, nous vous invitons \u00e0 vous renseigner sur le site du gouvernement : https:\/\/www.gouvernement.fr\/info-coronavirus\/pass-sanitaire)<\/p>\n<p>&#x1f449; ACCESSIBILIT\u00c9 \u2013 Personnes en situation de handicap<br \/>\n&#8211; Parking PMR<br \/>\n&#8211; Rampe d\u2019acc\u00e8s<br \/>\n&#8211; Ascenseur pour acc\u00e8s au balcon<br \/>\n&#8211; Places r\u00e9serv\u00e9es sur les balcons de la salle de spectacle<br \/>\n&#8211; Toilettes adapt\u00e9es<br \/>\n&#8211; Bar principal accessible via un comptoir rabaiss\u00e9<\/p>\n<p>&#x2753; Plus d&#8217;infos sur www.zone51.net<\/p>\n<p>Quelle: Facebook<\/p>\n","protected":false},"excerpt":{"rendered":"<div class=\"mh-excerpt\"><p>&#x1f60d; [ ROCK YOUR BRAIN fest &#8211; automne 2021 : je demande LA PROG ! ] &#x1f918; Pour tous les aficionados du ROCK YOUR BRAIN FEST, nous vous proposons une 8\u00e8me \u00e9dition d&#8217;automne malgr\u00e9 un <a class=\"mh-excerpt-more\" href=\"https:\/\/www.etrossi.de\/photography\/event\/festival-2021-10-20-24-rock-your-brain-fest-8-edition-dautomne-2021-les-tanzmatten\/\" title=\"Festival: 2021-10-20-24 ROCK YOUR BRAIN Fest #8 &#8211; \u00e9dition d&#8217;automne 2021 \/ Les Tanzmatten\">[&#8230;]<\/a><\/p>\n<\/div>","protected":false},"author":1,"featured_media":0,"comment_status":"open","ping_status":"closed","template":"","meta":{"ngg_post_thumbnail":0,"_tribe_events_status":"","_tribe_events_status_reason":"","_expiration-date-status":"saved","_expiration-date":0,"_expiration-date-type":"","_expiration-date-categories":[],"_expiration-date-options":[]},"categories":[1035,1300],"tags":[30,31,226],"tribe_events_cat":[846,845],"festival":[1043],"genre":[318,324],"location":[594],"veranstalter":[1233],"acf":[],"_links":{"self":[{"href":"https:\/\/www.etrossi.de\/photography\/wp-json\/wp\/v2\/tribe_events\/25757"}],"collection":[{"href":"https:\/\/www.etrossi.de\/photography\/wp-json\/wp\/v2\/tribe_events"}],"about":[{"href":"https:\/\/www.etrossi.de\/photography\/wp-json\/wp\/v2\/types\/tribe_events"}],"author":[{"embeddable":true,"href":"https:\/\/www.etrossi.de\/photography\/wp-json\/wp\/v2\/users\/1"}],"replies":[{"embeddable":true,"href":"https:\/\/www.etrossi.de\/photography\/wp-json\/wp\/v2\/comments?post=25757"}],"version-history":[{"count":1,"href":"https:\/\/www.etrossi.de\/photography\/wp-json\/wp\/v2\/tribe_events\/25757\/revisions"}],"predecessor-version":[{"id":25760,"href":"https:\/\/www.etrossi.de\/photography\/wp-json\/wp\/v2\/tribe_events\/25757\/revisions\/25760"}],"wp:attachment":[{"href":"https:\/\/www.etrossi.de\/photography\/wp-json\/wp\/v2\/media?parent=25757"}],"wp:term":[{"taxonomy":"category","embeddable":true,"href":"https:\/\/www.etrossi.de\/photography\/wp-json\/wp\/v2\/categories?post=25757"},{"taxonomy":"post_tag","embeddable":true,"href":"https:\/\/www.etrossi.de\/photography\/wp-json\/wp\/v2\/tags?post=25757"},{"taxonomy":"tribe_events_cat","embeddable":true,"href":"https:\/\/www.etrossi.de\/photography\/wp-json\/wp\/v2\/tribe_events_cat?post=25757"},{"taxonomy":"festival","embeddable":true,"href":"https:\/\/www.etrossi.de\/photography\/wp-json\/wp\/v2\/festival?post=25757"},{"taxonomy":"genre","embeddable":true,"href":"https:\/\/www.etrossi.de\/photography\/wp-json\/wp\/v2\/genre?post=25757"},{"taxonomy":"location","embeddable":true,"href":"https:\/\/www.etrossi.de\/photography\/wp-json\/wp\/v2\/location?post=25757"},{"taxonomy":"veranstalter","embeddable":true,"href":"https:\/\/www.etrossi.de\/photography\/wp-json\/wp\/v2\/veranstalter?post=25757"}],"curies":[{"name":"wp","href":"https:\/\/api.w.org\/{rel}","templated":true}]}}

Festival: 2021-10-20-24 ROCK YOUR BRAIN Fest #8 &#8211; édition d&#8217;automne 2021 / Les Tanzmatten

<p>&#x1f60d; [ ROCK YOUR BRAIN fest &#8211; automne 2021 : je demande LA PROG ! ] &#x1f918;</p>
<p>Pour tous les aficionados du ROCK YOUR BRAIN FEST, nous vous proposons une 8ème édition d&#8217;automne malgré un contexte toujours très particulier! On se retrouve tous ensemble autour des musiques alternatives du mercredi 20 au dimanche 24 octobre 2021 pour 4 soirées de concerts et une soirée ciné-concert en ouverture du festival.<br />
Au programme, 17 concerts, stands de disques, merchandising et surtout le besoin de se retrouver. Embarquement pour 5 jours de rock-n-roll en Centre-Alsace !<br />
Attention, la jauge est limitée! &#8230; &#8220;let&#8217;s stay united !&#8221;</p>
<p>&#x1f449; La programmation :</p>
<p>&#x1f4c6; Mercredi 20 octobre (19h30):<br />
&#8211; Ciné-concert : ZËRO joue CLOVERFIELD<br />
Prévente 5€* / Caisse du soir 10€ (*Hors frais de loc.)</p>
<p>&#x1f4c6; Jeudi 21 octobre (19h):<br />
&#8211; HANGMAN’S CHAIR + REGARDE LES HOMMES TOMBER + LOS DISIDENTES DEL SUCIO MOTEL<br />
Prévente 19€* / Caisse du soir 25€ (*Hors frais de loc.)</p>
<p>&#x1f4c6; Vendredi 22 octobre (19h):<br />
STEVE’N’SEAGULLS + PRINCESSES LEYA + REDEMPTION<br />
Prévente 19€* / Caisse du soir 25€ (*Hors frais de loc.)</p>
<p>&#x1f4c6; Samedi 23 octobre (16h):<br />
LOFOFORA + UK SUBS + CHARGE 69 + THE BOBBY LEES + SICKBOYS + PUNKY TUNES<br />
Prévente 19€* / Caisse du soir 25€ (*Hors frais de loc.)</p>
<p>&#x1f4c6; Dimanche 24 octobre (16h):<br />
THE RUMJACKS + THE MOORINGS + UNCLE BARD &amp; THE DIRTY BASTARD + RESTLESS FEET + AKAB<br />
Prévente 19€* / Caisse du soir 25€ (*Hors frais de loc.)</p>
<p>&#x1f449; INFOS PRATIQUES<br />
&#8211; Lieu : Les Tanzmatten / Sélestat<br />
&#8211; Jauge limitée<br />
&#8211; Billetterie uniquement sur www.zone51.net<br />
&#8211; Tarif JEUN’EST disponible à 1€ sur le site https://www.jeunest.fr<br />
(ATTENTION ! opération limitée à 1 billet par personne détenteur de la carte Jeun’Est dans la limite de 100 places disponibles)<br />
&#8211; Concerts placement libre (assis &amp; debout en gradin) sauf ciné-concert 100% assis<br />
&#8211; Bars intérieur &amp; restauration extérieur avec espace convivial près des berges de l&#8217;Ill<br />
&#8211; Nombreux stands en intérieur de merchandising metal &amp; punk-rock<br />
&#8211; Protections auditives et casques pour enfants disponibles<br />
&#8211; Moyen de paiement : CB privilégié</p>
<p>&#x1f449; INFO COVID<br />
&#8211; Pass Sanitaire obligatoire<br />
(Pour toute information sur le pass sanitaire, nous vous invitons à vous renseigner sur le site du gouvernement : https://www.gouvernement.fr/info-coronavirus/pass-sanitaire)</p>
<p>&#x1f449; ACCESSIBILITÉ – Personnes en situation de handicap<br />
&#8211; Parking PMR<br />
&#8211; Rampe d’accès<br />
&#8211; Ascenseur pour accès au balcon<br />
&#8211; Places réservées sur les balcons de la salle de spectacle<br />
&#8211; Toilettes adaptées<br />
&#8211; Bar principal accessible via un comptoir rabaissé</p>
<p>&#x2753; Plus d&#8217;infos sur www.zone51.net</p>
<p>Quelle: Facebook</p>

<div class="mh-excerpt"><p>&#x1f60d; [ ROCK YOUR BRAIN fest &#8211; automne 2021 : je demande LA PROG ! ] &#x1f918; Pour tous les aficionados du ROCK YOUR BRAIN FEST, nous vous proposons une 8ème édition d&#8217;automne malgré un <a class="mh-excerpt-more" href="https://www.etrossi.de/photography/event/festival-2021-10-20-24-rock-your-brain-fest-8-edition-dautomne-2021-les-tanzmatten/" title="Festival: 2021-10-20-24 ROCK YOUR BRAIN Fest #8 &#8211; édition d&#8217;automne 2021 / Les Tanzmatten">[&#8230;]</a></p>
</div>
