{"id":25199,"date":"2021-05-07T10:13:49","date_gmt":"2021-05-07T08:13:49","guid":{"rendered":"https:\/\/www.etrossi.de\/photography\/?post_type=tribe_events&#038;p=25199"},"modified":"2021-06-25T08:11:15","modified_gmt":"2021-06-25T06:11:15","slug":"tipp-2022-03-23-belphegor-suffocation-hate-guests-le-grillen","status":"publish","type":"tribe_events","link":"https:\/\/www.etrossi.de\/photography\/event\/tipp-2022-03-23-belphegor-suffocation-hate-guests-le-grillen\/","title":{"rendered":"!!!Tipp!!!: 2022-03-23 Belphegor, Suffocation, Hate &#038; guests \/ Le Grillen"},"content":{"rendered":"\n\r\n\r\n\r<div class=\"entry-tags clearfix\"><i class=\"fa fa-tags\"><\/i><ul style=\"list-style-type:none;\">\r\n<li><a style=\"color:white; text-decoration:none\" href=\"https:\/\/www.etrossi.de\/photography\/tag\/belphegor\/\" rel=\"tag\">Belphegor<\/a><\/li>\r\n<li><a style=\"color:white; text-decoration:none\" href=\"https:\/\/www.etrossi.de\/photography\/tag\/hate\/\" rel=\"tag\">Hate<\/a><\/li>\r\n<\/ul><\/div>\r\n\r\nHeadbang proudly presents:\r\n\r\n&#x1f525; EUROPE UNDER BLACK DEATH METAL FIRE II &#x1f525;\r\n\r\n&#x1f449;&#x1f3fb; BELPHEGOR (Death\/Black Metal, Autriche)\r\n\r\nProvocation, blasph\u00e8me et perversion : voici comment l&#8217;on pourrait d\u00e9crire Belphegor. Connu pour ses prestations \u00e0 la fois intenses et sanglantes, le groupe autrichien son nouvel album fin 2021 pour d\u00e9verser ensuite son Black\/Death metal blasph\u00e9matoire \u00e0 travers l&#8217;Europe d\u00e9but 2022 !\r\n\r\nPour les fans de : Behemoth, Marduk, Dark Funeral\r\n\r\n&#x1f3a7; https:\/\/youtu.be\/tyDaEXtnYIo\r\n\r\n&#x1f449;&#x1f3fb; SUFFOCATION (Brutal\/Technical Death Metal, USA)\r\n\r\nForm\u00e9 en 1988, Suffocation a eu une influence massive sur toute la sc\u00e8ne Death Metal. \u00c0 la fois technique et brutal, le groupe est un pionnier du genre aujourd&#8217;hui largement reconnu. Leur chanteur Frank Mullen est d&#8217;ailleurs consid\u00e9r\u00e9 comme l&#8217;un des chanteurs de death metal les plus embl\u00e9matiques.\r\n\r\nPour les fans de : Dying Fetus, Nile, Cryptopsy\r\n\r\n&#x1f3a7; https:\/\/youtu.be\/Jp1YSf_5mr8\r\n\r\n&#x1f449;&#x1f3fb; HATE (Blackened Death Metal, Pologne)\r\n\r\nActeur majeur de la sc\u00e8ne Black\/Death tout droit venu de Pologne, Hate est un support de choix ! 11 albums et d\u00e9j\u00e0 30 ans \u00e0 r\u00e9pandre leur Death Metal teint\u00e9 de haine et d&#8217;atmosph\u00e8res sombre. Ils viendront d\u00e9fendre leur dernier album &#8220;Auric Gates of Veles&#8221; sorti en 2019.\r\n\r\nPour les fans de : Behemoth, Vader, Deicide\r\n\r\n&#x1f3a7; https:\/\/youtu.be\/VfM0PpXMAFA\r\n\r\n+ SPECIAL GUESTS :\r\n\r\n&#x1f449;&#x1f3fb; DEVILS RAGE (Melodic Death Metal, Suisse)\r\n<iframe loading=\"lazy\" title=\"Devils Rage - Mirror&#039;s Game (Official Video)\" width=\"500\" height=\"281\" src=\"https:\/\/www.youtube.com\/embed\/u7a9Z_q3OVA?feature=oembed\" frameborder=\"0\" allow=\"accelerometer; autoplay; clipboard-write; encrypted-media; gyroscope; picture-in-picture\" allowfullscreen><\/iframe>\r\n\r\n&#x1f449;&#x1f3fb; BLASPHEMOUS CREATION (Black\/Death Metal, USA)\r\n<iframe loading=\"lazy\" title=\"Blasphemous Creation  &quot;The Conqueror&quot; (Official Music Video) [HD]\" width=\"500\" height=\"281\" src=\"https:\/\/www.youtube.com\/embed\/VWaeF5y6Ikg?feature=oembed\" frameborder=\"0\" allow=\"accelerometer; autoplay; clipboard-write; encrypted-media; gyroscope; picture-in-picture\" allowfullscreen><\/iframe>\r\n\r\n&#x1f4dd; Mercredi 23 mars 2022 &#8211; Le Grillen, Colmar (68)\r\n\r\n&#x1f39f; BILLETTERIE OFFICIELLE (frais de r\u00e9servation offerts) :\r\nhttps:\/\/bit.ly\/Belphegor_Suffocation_Colmar_2022\r\n\r\n&#x1f3ab; Pr\u00e9-ventes : 30\u20ac (+ frais de r\u00e9servation)\r\n\r\n&#x1f449;&#x1f3fb; Digitick : bient\u00f4t !\r\n&#x1f449;&#x1f3fb; Fnac : bient\u00f4t !\r\n&#x1f449;&#x1f3fb; Ticketmaster : bient\u00f4t !\r\n\r\nCaisse du soir : 35\u20ac\r\nCarte culture : 6\u20ac\r\n\r\n&#x1f3ab; Billets physiques disponibles dans les magasins habituels, au guichet billetterie : E.Leclerc, Cora, Auchan, Cultura, Carrefour, G\u00e9ant, Fnac&#8230;\r\n\r\n_________________\r\nUne soir\u00e9e Headbang &#x1f608;\r\nhttps:\/\/www.headbang.eu\/\r\n\r\nQuelle: Facebook\n\r\n\r\n\r\n\r","protected":false},"excerpt":{"rendered":"<div class=\"mh-excerpt\"><p>Headbang proudly presents: &#x1f525; EUROPE UNDER BLACK DEATH METAL FIRE II &#x1f525; &#x1f449;&#x1f3fb; BELPHEGOR (Death\/Black Metal, Autriche) Provocation, blasph\u00e8me et perversion : voici comment l&#8217;on pourrait d\u00e9crire Belphegor. Connu pour ses prestations \u00e0 la fois <a class=\"mh-excerpt-more\" href=\"https:\/\/www.etrossi.de\/photography\/event\/tipp-2022-03-23-belphegor-suffocation-hate-guests-le-grillen\/\" title=\"!!!Tipp!!!: 2022-03-23 Belphegor, Suffocation, Hate &#038; guests \/ Le Grillen\">[&#8230;]<\/a><\/p>\n<\/div>","protected":false},"author":1,"featured_media":0,"comment_status":"open","ping_status":"closed","template":"","meta":{"ngg_post_thumbnail":0,"_tribe_events_status":"","_tribe_events_status_reason":"","_expiration-date-status":"saved","_expiration-date":0,"_expiration-date-type":"","_expiration-date-categories":[],"_expiration-date-options":[]},"categories":[1035],"tags":[1157,840],"tribe_events_cat":[846,844,1260],"festival":[],"genre":[318],"location":[552],"veranstalter":[686],"acf":[],"_links":{"self":[{"href":"https:\/\/www.etrossi.de\/photography\/wp-json\/wp\/v2\/tribe_events\/25199"}],"collection":[{"href":"https:\/\/www.etrossi.de\/photography\/wp-json\/wp\/v2\/tribe_events"}],"about":[{"href":"https:\/\/www.etrossi.de\/photography\/wp-json\/wp\/v2\/types\/tribe_events"}],"author":[{"embeddable":true,"href":"https:\/\/www.etrossi.de\/photography\/wp-json\/wp\/v2\/users\/1"}],"replies":[{"embeddable":true,"href":"https:\/\/www.etrossi.de\/photography\/wp-json\/wp\/v2\/comments?post=25199"}],"version-history":[{"count":2,"href":"https:\/\/www.etrossi.de\/photography\/wp-json\/wp\/v2\/tribe_events\/25199\/revisions"}],"predecessor-version":[{"id":25359,"href":"https:\/\/www.etrossi.de\/photography\/wp-json\/wp\/v2\/tribe_events\/25199\/revisions\/25359"}],"wp:attachment":[{"href":"https:\/\/www.etrossi.de\/photography\/wp-json\/wp\/v2\/media?parent=25199"}],"wp:term":[{"taxonomy":"category","embeddable":true,"href":"https:\/\/www.etrossi.de\/photography\/wp-json\/wp\/v2\/categories?post=25199"},{"taxonomy":"post_tag","embeddable":true,"href":"https:\/\/www.etrossi.de\/photography\/wp-json\/wp\/v2\/tags?post=25199"},{"taxonomy":"tribe_events_cat","embeddable":true,"href":"https:\/\/www.etrossi.de\/photography\/wp-json\/wp\/v2\/tribe_events_cat?post=25199"},{"taxonomy":"festival","embeddable":true,"href":"https:\/\/www.etrossi.de\/photography\/wp-json\/wp\/v2\/festival?post=25199"},{"taxonomy":"genre","embeddable":true,"href":"https:\/\/www.etrossi.de\/photography\/wp-json\/wp\/v2\/genre?post=25199"},{"taxonomy":"location","embeddable":true,"href":"https:\/\/www.etrossi.de\/photography\/wp-json\/wp\/v2\/location?post=25199"},{"taxonomy":"veranstalter","embeddable":true,"href":"https:\/\/www.etrossi.de\/photography\/wp-json\/wp\/v2\/veranstalter?post=25199"}],"curies":[{"name":"wp","href":"https:\/\/api.w.org\/{rel}","templated":true}]}}

<div class="entry-tags clearfix"><i class="fa fa-tags"></i><ul style="list-style-type:none;">
<li><a style="color:white; text-decoration:none" href="https://www.etrossi.de/photography/tag/belphegor/" rel="tag">Belphegor</a></li>
<li><a style="color:white; text-decoration:none" href="https://www.etrossi.de/photography/tag/hate/" rel="tag">Hate</a></li>
</ul></div>

Headbang proudly presents:

&#x1f525; EUROPE UNDER BLACK DEATH METAL FIRE II &#x1f525;

&#x1f449;&#x1f3fb; BELPHEGOR (Death/Black Metal, Autriche)

Provocation, blasphème et perversion : voici comment l&#8217;on pourrait décrire Belphegor. Connu pour ses prestations à la fois intenses et sanglantes, le groupe autrichien son nouvel album fin 2021 pour déverser ensuite son Black/Death metal blasphématoire à travers l&#8217;Europe début 2022 !

Pour les fans de : Behemoth, Marduk, Dark Funeral

&#x1f3a7; https://youtu.be/tyDaEXtnYIo

&#x1f449;&#x1f3fb; SUFFOCATION (Brutal/Technical Death Metal, USA)

Formé en 1988, Suffocation a eu une influence massive sur toute la scène Death Metal. À la fois technique et brutal, le groupe est un pionnier du genre aujourd&#8217;hui largement reconnu. Leur chanteur Frank Mullen est d&#8217;ailleurs considéré comme l&#8217;un des chanteurs de death metal les plus emblématiques.

Pour les fans de : Dying Fetus, Nile, Cryptopsy

&#x1f3a7; https://youtu.be/Jp1YSf_5mr8

&#x1f449;&#x1f3fb; HATE (Blackened Death Metal, Pologne)

Acteur majeur de la scène Black/Death tout droit venu de Pologne, Hate est un support de choix ! 11 albums et déjà 30 ans à répandre leur Death Metal teinté de haine et d&#8217;atmosphères sombre. Ils viendront défendre leur dernier album &#8220;Auric Gates of Veles&#8221; sorti en 2019.

Pour les fans de : Behemoth, Vader, Deicide

&#x1f3a7; https://youtu.be/VfM0PpXMAFA

+ SPECIAL GUESTS :

&#x1f449;&#x1f3fb; DEVILS RAGE (Melodic Death Metal, Suisse)
<iframe loading="lazy" title="Devils Rage - Mirror&#039;s Game (Official Video)" width="500" height="281" src="https://www.youtube.com/embed/u7a9Z_q3OVA?feature=oembed" frameborder="0" allow="accelerometer; autoplay; clipboard-write; encrypted-media; gyroscope; picture-in-picture" allowfullscreen></iframe>

&#x1f449;&#x1f3fb; BLASPHEMOUS CREATION (Black/Death Metal, USA)
<iframe loading="lazy" title="Blasphemous Creation  &quot;The Conqueror&quot; (Official Music Video) [HD]" width="500" height="281" src="https://www.youtube.com/embed/VWaeF5y6Ikg?feature=oembed" frameborder="0" allow="accelerometer; autoplay; clipboard-write; encrypted-media; gyroscope; picture-in-picture" allowfullscreen></iframe>

&#x1f4dd; Mercredi 23 mars 2022 &#8211; Le Grillen, Colmar (68)

&#x1f39f; BILLETTERIE OFFICIELLE (frais de réservation offerts) :
https://bit.ly/Belphegor_Suffocation_Colmar_2022

&#x1f3ab; Pré-ventes : 30€ (+ frais de réservation)

&#x1f449;&#x1f3fb; Digitick : bientôt !
&#x1f449;&#x1f3fb; Fnac : bientôt !
&#x1f449;&#x1f3fb; Ticketmaster : bientôt !

Caisse du soir : 35€
Carte culture : 6€

&#x1f3ab; Billets physiques disponibles dans les magasins habituels, au guichet billetterie : E.Leclerc, Cora, Auchan, Cultura, Carrefour, Géant, Fnac&#8230;

_________________
Une soirée Headbang &#x1f608;
https://www.headbang.eu/

Quelle: Facebook

<div class="mh-excerpt"><p>Headbang proudly presents: &#x1f525; EUROPE UNDER BLACK DEATH METAL FIRE II &#x1f525; &#x1f449;&#x1f3fb; BELPHEGOR (Death/Black Metal, Autriche) Provocation, blasphème et perversion : voici comment l&#8217;on pourrait décrire Belphegor. Connu pour ses prestations à la fois <a class="mh-excerpt-more" href="https://www.etrossi.de/photography/event/tipp-2022-03-23-belphegor-suffocation-hate-guests-le-grillen/" title="!!!Tipp!!!: 2022-03-23 Belphegor, Suffocation, Hate &#038; guests / Le Grillen">[&#8230;]</a></p>
</div>
